 - 4*y - 6. Let q be v(5). Give f(q).
0
Let j be ((-12)/(-10))/(10/25). Suppose -4 = -h - j. Let b(g) = 2 + 9*g**2 - 1 + 0*g - g. What is b(h)?
9
Let u = -6 - -8. Let a(d) = d + d**2 - 2*d + 0 - u. Let l(b) = -b + 6. Let w be l(4). Give a(w).
0
Let w(p) = 6*p**3 - p**2. Suppose -f = f. Suppose f*s - 10 = -2*q - 2*s, -18 = -2*q - 4*s. What is w(q)?
5
Let t(a) be the second derivative of -a**3 - 2*a + 0 - 1/12*a**4 + 3*a**2. Calculate t(-6).
6
Let t = -3 - -7. Suppose 0 = p + 6*d - 3*d - 2, -4*p + 4*d = -24. Let o(n) = -p*n**2 + 2*n + 1 + 4 + 4*n**2 + 0*n**2. What is o(t)?
-3
Let y be (-9)/4 + 2/8. Let w be 12/30 + y/5. Suppose b = -w*b - 1. Let o(z) = 8*z**2 - z - 1. Calculate o(b).
8
Let q = -22 - -31. Let l(i) = 3*i**3 + 0*i**2 - q*i + 2*i**2 + 6*i + 6. Let t(d) = -2*d**3 - 3*d**2 + 4*d - 6. Let k(n) = -3*l(n) - 4*t(n). Determine k(4).
10
Let c be (1 - 5) + (-2 - -1). Let o(q) = 3*q**3 - 2 - 14*q**2 + 4*q + 0*q**2 - 4*q**3 + 10*q**2. Give o(c).
3
Let p(l) = -l**2 + 4*l + 6. Let h = -4 - -4. Suppose -3*c - 12 = h, -2*c = -3*o - 3*c + 11. Suppose o*x + 3 = 28. Determine p(x).
1
Let r(k) = -k**2 - 3*k - 2. Suppose -2*c = 2*n + 8, 2*c + 3*n = -2*c - 15. What is r(c)?
-2
Let n(q) = 2*q**2 + 2*q + 2. Let f = -24 - -22. Determine n(f).
6
Suppose -2*o = -3 - 1. Let d(v) = o - 8 + 0 + v - 2*v. What is d(-5)?
-1
Suppose 4*j - 2*h - 10 = 0, 2*h + 18 = 3*j - 3*h. Suppose -2 = -p + j. Let y = p + -2. Let v(i) = 4*i - 1. Calculate v(y).
3
Let x(h) be the second derivative of -2*h + 0 + 5/2*h**2 - 1/2*h**3. Calculate x(4).
-7
Let u(k) be the first derivative of -3*k**2/2 + 2*k + 24. Determine u(3).
-7
Suppose 0 + 3 = 3*n. Let b(q) be the second derivative of -7*q**3/6 - q**2/2 - 4*q. What is b(n)?
-8
Let s(b) be the second derivative of b**6/24 - b**5/60 + b**3/6 - b**2 - 3*b. Let u(c) be the first derivative of s(c). Calculate u(-1).
-5
Let i(m) be the second derivative of -m**8/6720 + m**7/504 - m**6/240 + m**5/60 + 2*m**4/3 + m. Let d(h) be the third derivative of i(h). Determine d(4).
6
Let c(d) = d + 1. Let k = 6 + 0. Let s(t) = -3*t**3 + t**2 + 4*t + 7. Let a(g) = k*c(g) - s(g). Suppose -o - o = -2. Determine a(o).
3
Suppose 0 = -2*w + 2*s, 12 - 4 = 4*s. Suppose 2*r - 16 = -w*h, 2*h = h - 5*r + 16. Suppose -3*q = -h - 6. Let p(m) = -3*m + 4. What is p(q)?
-8
Let r be (-24)/(-60) - 56/(-10). Let l(y) = y**2 - 7*y + 2. Give l(r).
-4
Let w = -6 - -10. Let z(n) = -4 + 0 + 2*n + 2*n**2 + w*n**2 + n**3 - 9*n**2. What is z(3)?
2
Let t be (0 - 0) + 1 + 4. Let s be (-20)/2*(-2)/t. Let m(g) = -3*g - 23*g**2 + 6*g**2 + 3 + 18*g**2 - 3*g. What is m(s)?
-5
Let y = -1 - 0. Let i be y*5/(2 - 3). Let n(k) = -k**3 + 5*k**2 - k + 3. Determine n(i).
-2
Let c(g) be the second derivative of g**4/12 - 4*g**3/3 - 3*g**2 - 34*g. What is c(8)?
-6
Let f(m) be the second derivative of -m**5/20 - m**4/3 - m**3/6 - 5*m**2/2 - m. Let o = 4 + -8. Calculate f(o).
-1
Let q be (-8)/(-28) - (-24)/14. Let m = -3 + q. Let u(c) = 2*c**3 - 3. Let o(y) = y**3 - y**2 - y + 1. Let w(a) = 2*o(a) + u(a). Calculate w(m).
-5
Let r(p) = p**3 + 3*p**2 - 2*p - 4. Suppose -3*h - 5*m - 50 = 2*h, 4*m + 15 = h. Let l = h - -2. Determine r(l).
2
Let y(d) = -d**2 - d - 1. Let i = 2 - 3. Let x = 2 - i. Let f be (x/9)/((-2)/6). Give y(f).
-1
Let v(q) = 3*q - 4. Let k(m) = 6 - 4 - 5 + 2*m. Let c(t) = -4*k(t) + 3*v(t). Determine c(1).
1
Let d(c) = -c**2 + 2*c - 3. Let k(a) = 3*a**3 - 3*a**2 + 4*a - 3. Let y be k(2). Let t(g) = 2*g - 6 - g + y. Let m be t(-8). Determine d(m).
-6
Suppose -3*t - 10 = 5. Let l(a) be the third derivative of -a**4/8 - a**3 - a**2. Determine l(t).
9
Let i(k) = -2*k**2 + 2 - 3*k + 0*k**3 + k - 2*k**3. Suppose 54*j = 10*j - 88. Give i(j).
14
Suppose 1 = -7*s + 1. Let k(u) = u - 9. What is k(s)?
-9
Let d = -4 - -6. Let r(u) = 7*u - 12*u + 8*u. Calculate r(d).
6
Let q(y) be the first derivative of -y**3/3 + 5*y**2/2 + 6*y + 1. Let j be (-1)/(3 - (-44)/(-14)). Suppose 5*v + 5 = 0, j = 2*z + 3*v - 0*v. Determine q(z).
6
Let a(w) be the third derivative of -w**4/6 + w**3/6 + 25*w**2. Calculate a(5).
-19
Let a(m) = -m**3 - 4*m**2 - 3. Let f = -7 - -22. Suppose -f = -2*o - 3*o. Suppose -2*k - 20 = o*v - 0*v, 3*k + 20 = -2*v. Give a(k).
-3
Let c(z) = -2*z + 2*z - 2 - 3*z + 4*z. Let o(t) = 2*t - 9. Let v be o(6). Let m be ((-4)/v)/((-2)/6). Calculate c(m).
2
Let k(i) = -7 + 89*i**3 - 88*i**3 - 5*i**2 + i**2 + 3 - 3*i. Suppose 5*s - 3*s = 10. Let r be k(s). Let c(o) = o**3 - 5*o**2 - 5*o - 8. Calculate c(r).
-2
Let m(z) = z. Let n(r) = r**3 - 2*r**2 + r + 1. Let k = -1 + -4. Let h(y) = k*m(y) + n(y). Calculate h(3).
-2
Let i(k) = -k**2 + 6*k - 6. Suppose 2*h - 8 = 2. Suppose -h = -z - 1. What is i(z)?
2
Let o(y) = 2*y - 2. Let v be o(-4). Let p be 1*2*(-15)/v. Let m(a) = -a**3 + 2*a**2 + a - 2. Calculate m(p).
-8
Let c(g) = 7. Let h(b) = -b - 1. Let d be (2/6)/((-4)/12). Let q(v) = d*c(v) + h(v). Give q(-7).
-1
Let l(h) = -3*h**3 - 2*h**2 + h. Let c(k) = k**3 + 4*k**2 + 3*k + 1. Suppose 2*y + 5*v + 10 = 0, -5*y - 2*v - 2 = -19. Let i = 2 - y. Let u be c(i). Give l(u).
-4
Suppose 3*g + 4 + 8 = 0. Let c(t) = t - 2. Determine c(g).
-6
Let z(c) = -3*c - 85. Let w be z(-28). Let x(u) = 2*u**3 + 2*u**3 + u**3. What is x(w)?
-5
Suppose 0*n = n - 3*r + 1, -5*r = -10. Let y(s) = -4*s - 2*s - 3*s**3 + 0*s**3 + 4*s**3 + 2 - 4*s**2. Calculate y(n).
-3
Let f(t) = -3*t**3 + 3*t**2 + t - 1. Let x(s) = -s**3 - s**2 - 1. Let d(p) = -f(p) + 2*x(p). Calculate d(5).
-6
Suppose 13 = 5*s + q, 3*s = -2*q + 4 + 8. Let l(a) = -2*a**3 + 1 + 3*a**3 + a + 1 - s*a - a**2. Give l(0).
2
Let c(w) = -w**3 + 2*w**2 + 1. Let b be c(2). Let x be -7 - (b/(-1))/1. Let s(d) = -7*d**2 - d**3 - 3*d - 3*d - 5 + 9. Determine s(x).
4
Let h(g) be the third derivative of g**6/120 - 7*g**5/60 - g**4/24 - g**3/6 - 7*g**2. Calculate h(7).
-8
Let c be (4 - 2) + 4/(-2). Let x be -1 + (-1 - c) + -2. Let a(o) = o**2 + 5*o + 6. Calculate a(x).
2
Let t(b) = 53 - 2*b**2 - 5*b - 57 - b**3 - 2*b**2. Determine t(-3).
2
Let c(t) be the first derivative of t**3/3 - 7*t**2/2 + 4*t + 8. Let o = -2 + 4. Suppose 3 + o = d. Calculate c(d).
-6
Suppose 4*u = 4, 4*z + 56 - 17 = -u. Let f(i) = -i**3 - 10*i**2 + i + 8. Calculate f(z).
-2
Let i(n) = -n + 6. Let d be i(8). Let o(w) = -4*w - 2. Calculate o(d).
6
Let h(f) = -f**3 - 6*f**2 - 7*f - 2. Let y(z) = -z**2 - 12*z - 37. Let o be y(-8). Determine h(o).
8
Let n(z) = -z**2 - 7. Suppose 0*u + 4*u = 0. Let h be 0/(3/(-3 + u)). Give n(h).
-7
Let q(n) = -5 - 2*n - n + 5*n. Determine q(6).
7
Let v(o) = o**2 + o + 1. Let l be v(-1). Let p(f) = -8*f**3 - 1. Give p(l).
-9
Let l = -5 - -2. Let j(h) be the third derivative of h**5/60 + h**4/24 + h**3/6 - 2*h**2 - 23*h. Determine j(l).
7
Let t(v) = -v**3 + 3 - 4*v + 2*v**3 + 1 - 3*v**2. Let m(s) = s**2 - 4*s + 4. Let l be m(5). Suppose -l = -4*r + 7. Give t(r).
4
Let j(r) be the first derivative of r**4/4 - r**2/2 - 7*r + 47. What is j(0)?
-7
Suppose 0 = 2*g - 5 - 3. Let x be (-10)/6 - g/(-6). Let a(n) = -n**2 - n - 1. Let k(v) = -15*v**2 - 12*v - 12. Let j(q) = 12*a(q) - k(q). What is j(x)?
3
Let r(q) = -6*q**2 - 2*q - 6*q + 7*q. Calculate r(1).
-7
Let z(l) = 2*l + 4*l - 2*l. What is z(1)?
4
Let f be (322/(-10))/(-7) - (-8)/20. Let q(h) = -h**3 + 5*h**2 + 3*h - 5. Determine q(f).
10
Let o(u) be the first derivative of -u**4/2 + 4*u**3/3 - u**2/2 + 4*u + 4. Calculate o(3).
-17
Let r(j) = j**2 + 3*j + 3. Let k be r(-2). Let a(d) = -6*d**3 + d**2 - 1. Let f be a(k). Let v(x) = -x**2 - 6*x + 4. What is v(f)?
4
Let g(b) = -3*b**2. Let r be 1/(2/(3 - 1)). What is g(r)?
-3
Let y(d) = -d**2 - 3*d + 0*d - 3*d - 3. What is y(-4)?
5
Suppose 3*b = -14 + 86. Suppose 0*i = -2*i + 4. Suppose 2*w + i*w + b = f, 4*w - 3*f + 32 = 0. Let o(q) = -q**2 - 6*q + 1. What is o(w)?
6
Suppose 3*t + 5*q + 10 = 0, 0 = -4*q - 0*q - 20. Suppose 0*i - 3*n - 6 = 3*i, 4*n + 6 = -t*i. Let y(r) = 2*r**2 - r + 5*r**2 + 3 - i. Give y(1).
7
Suppose -b - y - 9 = 0, 0 = -2*b + 4*b - 4*y - 12. Let h(i) be the second derivative of i + 4*i**2 + 1/6*i**3 + 0. Calculate h(b).
4
Let h(v) = -v**2 - 6*v - 4. Let c be h(-4). Let d(k) be the third derivative of -k**6/120 + k**5/30 + k**4/4 - k**3/3 - 15*k**2. Give d(c).
-10
Let m(n) = -n**2 + 3*n + 3. Suppose 0 = -6*r + 14*r - 24. Give m(r).
3
Let f(x) = -x**2 + 5*x 